7. Calculate j(96).
-21
Let n(k) = 104*k - 1241. Determine n(12).
7
Let k(f) = 2448*f - 22024. What is k(9)?
8
Let d(w) = w**2 + 37*w + 10. Determine d(-36).
-26
Let a(i) = i**2 + 29*i - 189. Calculate a(-34).
-19
Let x(h) = -h**3 - 35*h**2 - 222*h - 148. Give x(-27).
14
Let w(m) = -56*m**2 - 433*m + 20. Calculate w(-7).
307
Let m(r) = r**2 + 139*r + 4303. Give m(-93).
25
Let y(v) = -28*v + 39. Determine y(2).
-17
Let s(m) = -m**3 + 3*m**2 + 49*m + 92. What is s(-5)?
47
Let n(j) = -j**3 + 23*j**2 - 109*j - 29. Calculate n(7).
-8
Let w(z) = -101*z - 395. Calculate w(-14).
1019
Let c(t) = t**2 + 18*t - 60. Determine c(-16).
-92
Let v(c) = -303*c - 284. Determine v(-1).
19
Let k(h) = -7*h**2 - 42*h + 26. Determine k(-6).
26
Let o(g) = -4*g**3 - 51*g**2 - 22*g - 51. What is o(-12)?
-219
Let u(t) = 5*t**2 - 312*t + 336. What is u(61)?
-91
Let c(q) = -582*q - 11646. Determine c(-20).
-6
Let g(t) = t**2 + 19*t - 268. What is g(0)?
-268
Let t(p) = -p**2 + 13*p + 87. What is t(18)?
-3
Let c(a) = -8*a**2 - 863*a + 985. What is c(-109)?
4
Let d(y) = y**3 + 27*y**2 + 29*y + 70. Calculate d(-26).
-8
Let o(u) = 46*u**2 - u - 4. Calculate o(2).
178
Let f(j) = 11*j - 331. Determine f(21).
-100
Let p(k) = -30*k**3 - 4*k**2 + 21*k + 23. What is p(-1)?
28
Let k(q) = -2*q**3 + 59*q**2 - 412*q + 17. What is k(11)?
-38
Let j(o) = o**2 + 21*o - 7. Determine j(-5).
-87
Let o(t) = t**3 + 6*t**2 - 27*t + 12. Give o(-9).
12
Let q(v) = v**3 + 9*v**2 + 22*v + 72. What is q(-8)?
-40
Let i(x) = -183*x**2 - 2*x + 3. Give i(1).
-182
Let c(m) = 3*m**2 + 55*m - 580. Calculate c(11).
388
Let c(i) = -846*i + 1586. What is c(2)?
-106
Let g(r) = 2*r**3 + 222*r**2 + 3198*r + 182. Give g(-94).
-6
Let v(q) = -3*q**3 - 31*q**2 + 39*q - 11. Determine v(1).
-6
Let q(r) = -6*r**2 + 364*r - 715. Give q(2).
-11
Let b(h) = 21*h - 634. Calculate b(31).
17
Let r(b) = -b**2 - 5*b + 20. What is r(4)?
-16
Let r(o) = -o**2 + 9*o + 8. Determine r(-6).
-82
Let i(u) = u**3 + 593*u - 2398. What is i(4)?
38
Let w(h) = -h**3 - 66*h**2 - 125*h + 438. Calculate w(-64).
246
Let k(u) = 2*u**2 + 54*u - 415. Determine k(-37).
325
Let q(k) = 10*k + 515. Determine q(-58).
-65
Let i(n) = n**2 - 22087*n + 132475. Determine i(6).
-11
Let n(j) = -68*j - 102. What is n(-6)?
306
Let s(t) = -2*t - 20. Determine s(2).
-24
Let r(q) = 16*q**2 + 12*q + 2. Give r(-3).
110
Let u(m) = -31*m**3 + 5*m**2 + 11*m + 14. Determine u(-2).
260
Let b(r) = -44*r - 40. Calculate b(3).
-172
Let z(r) = -3*r**2 + 63*r - 177. Give z(15).
93
Let t(c) = 94*c + 2061. What is t(-22)?
-7
Let s(l) = 221*l + 4436. Determine s(-20).
16
Let l(z) = -1284*z - 21834. Calculate l(-17).
-6
Let j(r) = 8*r**3 + 54*r**2 + 179*r - 5. Determine j(-3).
-272
Let l(h) = 156*h - 25408. Give l(163).
20
Let p(k) = 4*k**3 + 13*k**2 - 88*k + 125. Calculate p(-7).
6
Let k(q) = -24*q**2 + 96*q + 5. Give k(2).
101
Let l(o) = o**2 - 76*o - 8165. Calculate l(136).
-5
Let u(h) = -38*h - 306. What is u(-6)?
-78
Let b(i) = 6*i**2 - 110*i + 63. Give b(8).
-433
Let x(q) = -q**3 + 52*q**2 + 3*q + 45. Calculate x(52).
201
Let i(v) = 1048*v + 5. Calculate i(0).
5
Let w(j) = 30*j**2 - 7954*j + 1059. Determine w(265).
-1
Let q(v) = -v**2 - 75*v + 550. Calculate q(8).
-114
Let n(m) = m**2 - 10*m - 4. Determine n(2).
-20
Let t(v) = -v**3 + 23*v**2 - 41*v - 41. Calculate t(21).
-20
Let r(c) = 2060*c + 16482. What is r(-8)?
2
Let d(j) = -j**3 - 11*j**2 - 24*j - 9. Give d(-8).
-9
Let o(a) = 819*a + 31119. What is o(-38)?
-3
Let s(o) = -4*o**3 + o**2 - 12*o - 19. Determine s(-2).
41
Let s(l) = 43*l - 2557. Give s(61).
66
Let q(b) = 1309*b - 14458. Give q(11).
-59
Let f(m) = m**3 - 11*m**2 - 5*m + 154. What is f(10)?
4
Let k(q) = -10*q**2 + 2*q + 34. Give k(9).
-758
Let o(z) = -z**3 - 14*z**2 - 21*z - 82. Calculate o(-13).
22
Let r(d) = -41*d - 256. Give r(-7).
31
Let b(s) = 1921*s - 238197. Give b(124).
7
Let q(s) = -240*s - 5128. What is q(-21)?
-88
Let c(i) = -2*i**3 - 20*i**2 - 23*i - 7. What is c(-9)?
38
Let v(u) = -3*u**2 + 355*u + 230. Calculate v(119).
-8
Let y(u) = -2*u**2 + 290*u - 2939. Calculate y(11).
9
Let f(q) = -251*q + 1295. Give f(5).
40
Let o(b) = -14*b**2 - 204*b + 385. Give o(-16).
65
Let b(d) = 84*d - 238. Calculate b(3).
14
Let j(h) = -h**2 + 94. Determine j(9).
13
Let x(p) = -6*p**3 - 29*p**2 + 3*p - 16. Determine x(-5).
-6
Let l(z) = 3*z**2 + 253*z + 78. What is l(-84)?
-6
Let f(q) = 19*q**2 - 509*q + 392. Give f(26).
2
Let a(b) = -35*b + 977. Give a(28).
-3
Let w(d) = -d**2 - 924*d + 7. What is w(0)?
7
Let c(n) = -152*n + 2454. What is c(17)?
-130
Let v(c) = -c**2 + 31*c + 50. What is v(56)?
-1350
Let s(q) = -19*q + 189. Calculate s(5).
94
Let f(l) = -l**2 + 11*l + 16. Calculate f(-6).
-86
Let q(f) = 64*f - 55. What is q(1)?
9
Let a(c) = -8*c + 170. Determine a(11).
82
Let y(b) = -b**2 + 88*b + 2097. Determine y(107).
64
Let n(l) = -l**2 + 27*l - 37. What is n(0)?
-37
Let o(b) = 6*b**3 + 245*b + 245. Give o(-1).
-6
Let s(o) = -o**2 - 128*o + 2139. Determine s(15).
-6
Let s(j) = -j**2 + 4*j + 2903. Determine s(56).
-9
Let s(m) = -205*m**3 + 7*m**2 - 6*m. Give s(1).
-204
Let o(s) = 255*s - 30843. Calculate o(121).
12
Let r(s) = -s**3 - 2*s**2 + 24*s + 34. Give r(-4).
-30
Let u(j) = -j**3 + 38*j**2 - 7*j + 195. Determine u(38).
-71
Let i(n) = -85*n**2 - 1446*n - 40. Determine i(-17).
-23
Let k(d) = 27*d - 46. Determine k(-11).
-343
Let j(d) = 2*d**3 - 15*d**2 + 3*d + 2. Calculate j(7).
-26
Let l(s) = s**2 - 194*s + 1845. What is l(10)?
5
Let o(z) = z**2 - 11*z - 7. Determine o(-7).
119
Let s(r) = -r**3 + 7*r**2 - 3. Determine s(5).
47
Let u(s) = s**2 - 49*s + 28. Give u(45).
-152
Let t(v) = -263*v + 6308. Calculate t(24).
-4
Let s(j) = j**2 - 131*j + 2298. Give s(110).
-12
Let j(t) = -13*t**2 + 51*t + 481. What is j(-8)?
-759
Let a(r) = r**3 + 46*r**2 + 305*r - 11. Calculate a(-8).
-19
Let m(u) = u**3 - 10*u**2 + 17*u + 10. What is m(8)?
18
Let w(o) = 14*o**3 + 4*o**2 + o + 7. Determine w(2).
137
Let x(v) = 9*v - 1909. Give x(164).
-433
Let t(x) = x**3 + 30*x**2 + 132*x + 731. Determine t(-26).
3
Let o(q) = -5*q + 75. Give o(0).
75
Let q(x) = -x**2 + 20*x - 92. Determine q(9).
7
Let m(y) = -y**2 - y - 11. Calculate m(-3).
-17
Let g(s) = -s**3 - 12*s**2 + 14*s + 12. What is g(-13)?
-1
Let t(h) = h**3 + 12*h**2 - 41*h + 13. Determine t(3).
25
Let g(n) = 2*n**3 - 14*n**2 + 60*n - 604. Give g(8).
4
Let g(f) = 830*f - 806. Determine g(1).
24
Let p(f) = -f**3 + 10*f**2 - 33*f + 240. Calculate p(9).
24
Let f(k) = -13*k**2 + 205*k - 67. What is f(15)?
83
Let u(v) = -53*v**2 - 94*v + 96. What is u(1)?
-51
Let i(p) = -18*p + 100. Determine i(7).
-26
Let a(u) = u**3 - 11*u**2 - 11*u - 19. What is a(12)?
-7
Let k(h) = h**3 + 5*h**2 - 86*h - 474. Give k(-6).
6
Let f(v) = -5*v**2 + 65*v - 228. Calculate f(4).
-48
Let x(r) = -266*r + 59873. Determine x(225).
23
Let i(u) = -u**3 - 21*u**2 - 35*u + 78. Determine i(-19).
21
Let o(j) = 4*j**3 + 68*j**2 + 6*j + 141. Give o(-17).
39
Let v(p) = -11*p**2 - 22*p + 12. What is v(-3)?
-21
Let r(p) = -28*p**2 - 620*p - 93. Calculate r(-22).
-5
Let h(l) = 7*l**2 + 55*l + 5. Determine h(-7).
-37
Let k(c) = 13*c**3 - 19*c**2 + 30*c + 2. What is k(3)?
272
Let o(r) = -3*r**2 - 5*r + 55. Give o(11).
-363
Let v(m) = 12*m**3 - 7*m**2 - 18*m + 9. What is v(1)?
-4
Let a(m) = -15104*m - 90623. What is a(-6)?
1
Let u(n) = n**2 - 151*n + 732. What is u(146)?
2
Let d(j) = j**3 + 126*j**2 + 1467*j - 18. Calculate d(-13).
8
Let v(q) = -q**3 - 23*q**2 + 30*q + 157. Determine v(-24).
13
Let v(s) = s**2 - 113*s + 2429. What is v(29)?
-7
Let m(r) = 53*r**2 + 357*r + 452. Calculate m(-5).
-8
Let u(i) = 2*i**3 + 6*i**2 - 11*i - 52. Determine u(-4).
-40
Let k(p) = -2*p**2 - 28*p - 206. Determine k(-8).
-110
Let v(n) = -15*n - 2199. Give v(-147).
6
Let a(k) = 5*k**2 - 104*k - 336. Calculate a(-3).
21
Let y(n) = -215*n - 13536. Determine y(-63).
9
Let k(r) = r + 153. What is k(-14)?
139
Let y(i) = -212*i + 2967. Calculate y(14).
-1
Let k(r) = -4*r**2 + 15*r - 156. Determine k(0).
-156
Let w(i) = i**2 + 40*i - 92. Give w(-29).
-411
Let h(m) = 21*m**2 - 693*m. Determine h(33).
0
Let p(y) = 9*y**3 + 32*y**2 - 60*y. Determine p(2).
80
Let a(y) = 26*y + 1434. What is a(-50)?
134
Let d(x) = -4*x**3 + 4*x**2 + 2013*x - 2015. What is d(1)?
-2
Let n(t) = t**3 - 2*t**2 +